{"id":195,"date":"2018-07-14T11:29:51","date_gmt":"2018-07-14T11:29:51","guid":{"rendered":"http:\/\/mittner.de\/?page_id=195"},"modified":"2018-07-16T07:48:34","modified_gmt":"2018-07-16T07:48:34","slug":"links","status":"publish","type":"page","link":"https:\/\/mittner.de\/?page_id=195","title":{"rendered":"Links"},"content":{"rendered":"<p><img loading=\"lazy\" class=\"alignnone size-full wp-image-216 aligncenter\" src=\"https:\/\/mittner.de\/wp-content\/uploads\/2018\/07\/links.png\" alt=\"\" width=\"370\" height=\"72\" srcset=\"https:\/\/mittner.de\/wp-content\/uploads\/2018\/07\/links.png 370w, https:\/\/mittner.de\/wp-content\/uploads\/2018\/07\/links-300x58.png 300w\" sizes=\"(max-width: 370px) 100vw, 370px\" \/><\/p>\n<p>&nbsp;<\/p>\n<p><span style=\"font-family: arial, helvetica, sans-serif; color: #000000;\">&#8220;Mit Urteil vom 12. Mai 1998 hat das Landgericht Hamburg entschieden, da\u00df man durch die Ausbringung eines Links die Inhalte der gelinkten Seite ggf. mit zu verantworten hat. Dies kann &#8211; so das LG &#8211; nur dadurch verhindert werden, da\u00df man sich ausdr\u00fccklich von diesen Inhalten distanziert. Wir betonen hiermit, da\u00df wir keinerlei Einflu\u00df auf die Gestaltung und die Inhalte der gelinkten Seiten haben. Wir machen uns ihre Inhalte nicht zu eigen. Diese Erkl\u00e4rung gilt f\u00fcr alle auf unserer Page ausgebrachten Links.&#8221;<\/span><\/p>\n<p>&nbsp;<\/p>\n<table class=\"aligncenter\" style=\"width: 80%; border-collapse: collapse; border-color: #cccccc;\" border=\"1\">\n<tbody>\n<tr style=\"height: 21px;\">\n<td style=\"width: 40.0433%; background-color: #fffcad; text-align: center; height: 21px; border-color: #cccccc;\"><span style=\"color: #000000;\"><strong>Link<\/strong><\/span><\/td>\n<td style=\"width: 59.9567%; background-color: #fffcad; text-align: center; height: 21px; border-color: #cccccc;\"><span style=\"color: #000000;\"><strong>Beschreibung<\/strong><\/span><\/td>\n<\/tr>\n<tr style=\"height: 89px;\">\n<td style=\"width: 40.0433%; height: 38px; border-color: #cccccc;\"><span style=\"color: #339966;\"><a style=\"color: #339966;\" href=\"http:\/\/www.bruno-groening.org\/\">http:\/\/www.bruno-groening.org<\/a><\/span><\/td>\n<td style=\"width: 59.9567%; height: 38px; border-color: #cccccc;\">\n<div align=\"center\">\n<p><span style=\"color: #000000;\">Bruno Gr\u00f6ning Freundeskreis<\/span><\/p>\n<\/div>\n<\/td>\n<\/tr>\n<tr style=\"height: 72px;\">\n<td style=\"width: 40.0433%; height: 72px; border-color: #cccccc;\"><span style=\"color: #339966;\">http:\/\/www.tanzpalast.de<\/span><\/td>\n<td style=\"width: 59.9567%; height: 72px; border-color: #cccccc;\">\n<div align=\"center\">\n<p><span style=\"color: #000000;\">Hermann&#8217;s Tanzpalast in Rosenheim (ADTV Tanzschule)<\/span><\/p>\n<\/div>\n<\/td>\n<\/tr>\n<tr style=\"height: 144px;\">\n<td style=\"width: 40.0433%; height: 144px; border-color: #cccccc;\"><span style=\"color: #339966;\">http:\/\/www.wasserburg.de<\/span><\/td>\n<td style=\"width: 59.9567%; height: 144px; border-color: #cccccc;\">\n<div align=\"center\">\n<p align=\"center\"><span class=\"Standart\" style=\"color: #000000;\"><b>Wasserburg am Inn Online<\/b><\/span><\/p>\n<p><span class=\"Standart\" style=\"color: #000000;\"><b>Wir laden Sie ein zum virtuellen Rundgang in die Schreinerei, in das Freigel\u00e4nde: Sch\u00e4tze ALT + NEU, sowie in den Ladenbereich\u00a0<\/b><\/span><\/p>\n<\/div>\n<\/td>\n<\/tr>\n<\/tbody>\n<\/table>\n","protected":false},"excerpt":{"rendered":"<p>&nbsp; &#8220;Mit Urteil vom 12. Mai 1998 hat das Landgericht Hamburg entschieden, da\u00df man durch die Ausbringung eines Links die Inhalte der gelinkten Seite ggf. mit zu verantworten hat. Dies kann &#8211; so das LG &#8211; nur dadurch verhindert werden, da\u00df man sich ausdr\u00fccklich von diesen Inhalten distanziert. Wir betonen hiermit, da\u00df wir keinerlei Einflu\u00df [&hellip;]<\/p>\n","protected":false},"author":1,"featured_media":0,"parent":0,"menu_order":0,"comment_status":"closed","ping_status":"closed","template":"page-templates\/page-nosidebars.php","meta":[],"_links":{"self":[{"href":"https:\/\/mittner.de\/index.php?rest_route=\/wp\/v2\/pages\/195"}],"collection":[{"href":"https:\/\/mittner.de\/index.php?rest_route=\/wp\/v2\/pages"}],"about":[{"href":"https:\/\/mittner.de\/index.php?rest_route=\/wp\/v2\/types\/page"}],"author":[{"embeddable":true,"href":"https:\/\/mittner.de\/index.php?rest_route=\/wp\/v2\/users\/1"}],"replies":[{"embeddable":true,"href":"https:\/\/mittner.de\/index.php?rest_route=%2Fwp%2Fv2%2Fcomments&post=195"}],"version-history":[{"count":12,"href":"https:\/\/mittner.de\/index.php?rest_route=\/wp\/v2\/pages\/195\/revisions"}],"predecessor-version":[{"id":585,"href":"https:\/\/mittner.de\/index.php?rest_route=\/wp\/v2\/pages\/195\/revisions\/585"}],"wp:attachment":[{"href":"https:\/\/mittner.de\/index.php?rest_route=%2Fwp%2Fv2%2Fmedia&parent=195"}],"curies":[{"name":"wp","href":"https:\/\/api.w.org\/{rel}","templated":true}]}}