{"id":127,"date":"2018-07-14T10:35:30","date_gmt":"2018-07-14T10:35:30","guid":{"rendered":"http:\/\/mittner.de\/?page_id=127"},"modified":"2018-07-15T15:55:03","modified_gmt":"2018-07-15T15:55:03","slug":"produkte","status":"publish","type":"page","link":"https:\/\/mittner.de\/?page_id=127","title":{"rendered":"Produkte"},"content":{"rendered":"<p><img loading=\"lazy\" class=\"alignnone size-full wp-image-215 aligncenter\" src=\"https:\/\/mittner.de\/wp-content\/uploads\/2018\/07\/produkte-1.png\" alt=\"\" width=\"400\" height=\"72\" srcset=\"https:\/\/mittner.de\/wp-content\/uploads\/2018\/07\/produkte-1.png 400w, https:\/\/mittner.de\/wp-content\/uploads\/2018\/07\/produkte-1-300x54.png 300w\" sizes=\"(max-width: 400px) 100vw, 400px\" \/><\/p>\n<p>&nbsp;<\/p>\n<table class=\"aligncenter\" style=\"width: 40%; border-collapse: collapse; border-style: none;\" border=\"1\">\n<tbody>\n<tr>\n<td style=\"width: 100%; border-style: none; text-align: center;\">\r\n\t<div class=\"imgmap-frontend-image\">\r\n\t<div class=\"imgmap-dialog-wrapper\" id=\"imgmap-dialog-531-1\"><\/div>\r\n\t<img src=\"https:\/\/mittner.de\/wp-content\/uploads\/2018\/07\/Produkte_inkl_schaetze-2.jpg\" usemap=\"#imgmap-531-1\" id=\"imagemap-531-1\" \/>\r\n\t<map name=\"imgmap-531-1\"><area data-type=\"link\" data-tooltip=\"\" data-fill-color=\"4355c3\" data-fill-opacity=\"0.3\" data-stroke-color=\"1edb4b\" data-stroke-opacity=\"0.8\" data-stroke-width=\"2\" data-mapkey=\"area-547\" shape=\"poly\" coords=\"198,305,198,376,307,377,307,305\" href=\"https:\/\/mittner.de\/?page_id=538\" title=\"Sch\u00e4tze ALT + NEU\" \/><area data-type=\"link\" data-tooltip=\"\" data-fill-color=\"4355c3\" data-fill-opacity=\"0.3\" data-stroke-color=\"1edb4b\" data-stroke-opacity=\"0.8\" data-stroke-width=\"2\" data-mapkey=\"area-546\" shape=\"poly\" coords=\"64,306,63,376,175,378,175,306\" href=\"https:\/\/mittner.de\/?page_id=421\" title=\"Rahmen\" \/><area data-type=\"link\" data-tooltip=\"\" data-fill-color=\"4355c3\" data-fill-opacity=\"0.3\" data-stroke-color=\"1edb4b\" data-stroke-opacity=\"0.8\" data-stroke-width=\"2\" data-mapkey=\"area-544\" shape=\"poly\" coords=\"308,181,308,295,407,295,407,181\" href=\"https:\/\/mittner.de\/?page_id=419\" title=\"B\u00fcffets und Kommoden\" \/><area data-type=\"link\" data-tooltip=\"\" data-fill-color=\"4355c3\" data-fill-opacity=\"0.3\" data-stroke-color=\"1edb4b\" data-stroke-opacity=\"0.8\" data-stroke-width=\"2\" data-mapkey=\"area-543\" shape=\"poly\" coords=\"0,180,1,290,76,290,78,180\" href=\"https:\/\/mittner.de\/?page_id=417\" title=\"Schr\u00e4nke\" \/><area data-type=\"link\" data-tooltip=\"\" data-fill-color=\"4355c3\" data-fill-opacity=\"0.3\" data-stroke-color=\"1edb4b\" data-stroke-opacity=\"0.8\" data-stroke-width=\"2\" data-mapkey=\"area-542\" shape=\"poly\" coords=\"311,76,311,163,365,164,365,77\" href=\"https:\/\/mittner.de\/?page_id=415\" title=\"St\u00fchle\" \/><area data-type=\"link\" data-tooltip=\"\" data-fill-color=\"4355c3\" data-fill-opacity=\"0.3\" data-stroke-color=\"1edb4b\" data-stroke-opacity=\"0.8\" data-stroke-width=\"2\" data-mapkey=\"area-541\" shape=\"poly\" coords=\"2,78,2,163,105,163,105,78\" href=\"https:\/\/mittner.de\/?page_id=413\" title=\"Tische\" \/><area data-type=\"link\" data-tooltip=\"\" data-fill-color=\"4355c3\" data-fill-opacity=\"0.3\" data-stroke-color=\"1edb4b\" data-stroke-opacity=\"0.8\" data-stroke-width=\"2\" data-mapkey=\"area-540\" shape=\"poly\" coords=\"127,-1,127,90,281,92,280,-1\" href=\"https:\/\/mittner.de\/?page_id=410\" title=\"B\u00e4nke\" \/><\/map>\r\n\t<\/div><\/td>\n<\/tr>\n<\/tbody>\n<\/table>\n<p>&nbsp;<\/p>\n<table class=\"BODY\" style=\"border-style: none; width: 58%;\" border=\"0\" width=\"58%\" cellspacing=\"0\" cellpadding=\"0\" align=\"center\">\n<tbody>\n<tr>\n<td style=\"border-style: none;\">\n<div align=\"center\"><span style=\"color: #000000;\">Wir verwenden nur <b>hochwertige Materialien.<\/b><\/span><\/div>\n<\/td>\n<\/tr>\n<tr>\n<td style=\"border-style: none;\">\n<div align=\"center\">\n<p><span style=\"color: #000000;\">Oberfl\u00e4chen werden der <b>Gesundheit zuliebe ge\u00f6lt.<\/b><\/span><\/p>\n<p><span style=\"color: #000000;\"><b>DIE MODE \u00c4NDERT SICH, ABER STIL IST UNVERG\u00c4NGLICH<\/b><\/span><\/p>\n<p><span style=\"color: #000000;\">Eine lohnende Investition in ein dauerhaft nat\u00fcrliches und gesundes Wohnumfeld ohne unn\u00f6tige Schadstoffbelastung.<\/span><\/p>\n<p><span style=\"color: #000000;\"><b>FORDERN SIE UNSERE PREISLISTE AN!<\/b><\/span><\/p>\n<p><span style=\"color: #000000;\"><b>IM FERNBEREICH PREISWERTE SPEDITIONEN<\/b><\/span><\/p>\n<\/div>\n<\/td>\n<\/tr>\n<tr>\n<td style=\"border-style: none;\"><\/td>\n<\/tr>\n<tr>\n<td style=\"border-style: none;\"><\/td>\n<\/tr>\n<tr>\n<td style=\"border-style: none;\">\n<div align=\"center\"><span style=\"color: #000000;\">Wir kaufen und verarbeiten heimische H\u00f6lzer die zum richtigen MONDPHASEN-Zeitpunkt umgeschnitten werden.<\/span><\/div>\n<\/td>\n<\/tr>\n<tr>\n<td style=\"border-style: none;\"><\/td>\n<\/tr>\n<tr>\n<td style=\"border-style: none;\"><\/td>\n<\/tr>\n<tr>\n<td class=\"Ueberschrift_zentriert\" style=\"border-style: none; text-align: center;\"><span style=\"color: #000000;\">HOLZ f\u00fcr uns alle!<\/span><\/td>\n<\/tr>\n<\/tbody>\n<\/table>\n<p>&nbsp;<\/p>\n","protected":false},"excerpt":{"rendered":"<p>&nbsp; &nbsp; Wir verwenden nur hochwertige Materialien. Oberfl\u00e4chen werden der Gesundheit zuliebe ge\u00f6lt. DIE MODE \u00c4NDERT SICH, ABER STIL IST UNVERG\u00c4NGLICH Eine lohnende Investition in ein dauerhaft nat\u00fcrliches und gesundes Wohnumfeld ohne unn\u00f6tige Schadstoffbelastung. FORDERN SIE UNSERE PREISLISTE AN! IM FERNBEREICH PREISWERTE SPEDITIONEN Wir kaufen und verarbeiten heimische H\u00f6lzer die zum richtigen MONDPHASEN-Zeitpunkt umgeschnitten werden. [&hellip;]<\/p>\n","protected":false},"author":1,"featured_media":0,"parent":0,"menu_order":0,"comment_status":"closed","ping_status":"closed","template":"page-templates\/page-nosidebars.php","meta":[],"_links":{"self":[{"href":"https:\/\/mittner.de\/index.php?rest_route=\/wp\/v2\/pages\/127"}],"collection":[{"href":"https:\/\/mittner.de\/index.php?rest_route=\/wp\/v2\/pages"}],"about":[{"href":"https:\/\/mittner.de\/index.php?rest_route=\/wp\/v2\/types\/page"}],"author":[{"embeddable":true,"href":"https:\/\/mittner.de\/index.php?rest_route=\/wp\/v2\/users\/1"}],"replies":[{"embeddable":true,"href":"https:\/\/mittner.de\/index.php?rest_route=%2Fwp%2Fv2%2Fcomments&post=127"}],"version-history":[{"count":16,"href":"https:\/\/mittner.de\/index.php?rest_route=\/wp\/v2\/pages\/127\/revisions"}],"predecessor-version":[{"id":578,"href":"https:\/\/mittner.de\/index.php?rest_route=\/wp\/v2\/pages\/127\/revisions\/578"}],"wp:attachment":[{"href":"https:\/\/mittner.de\/index.php?rest_route=%2Fwp%2Fv2%2Fmedia&parent=127"}],"curies":[{"name":"wp","href":"https:\/\/api.w.org\/{rel}","templated":true}]}}